41407 composite?
True
Is 752535599 a prime number?
True
Is 692391473 prime?
True
Is 45749118029 a composite number?
False
Is 1977682151 a composite number?
False
Is 129836957 prime?
False
Is 10932461079 prime?
False
Is 7608720101 prime?
False
Is 139443454947 prime?
False
Is 4874925673 a composite number?
False
Is 43067668649 a composite number?
False
Is 9564063287 a prime number?
False
Is 89015295251 prime?
True
Is 48837406207 a composite number?
True
Is 14855129 a composite number?
True
Is 1534331273 a prime number?
True
Is 3041427751 a composite number?
True
Is 249821423 composite?
True
Is 10780631 a prime number?
True
Is 3556740973 prime?
False
Is 1016617447 a composite number?
False
Is 1796414111 a composite number?
True
Is 8143170169 prime?
True
Is 401278915 a prime number?
False
Is 17492632679 composite?
False
Is 66135497737 prime?
False
Is 238238155 a prime number?
False
Is 13780705927 a prime number?
True
Is 4316138977 a prime number?
True
Is 896133853 composite?
False
Is 15834330167 a composite number?
True
Is 80048678 composite?
True
Is 1139931817 prime?
True
Is 1084003807 prime?
True
Is 1518960941 a composite number?
False
Is 2192329499 a prime number?
False
Is 46502420581 a prime number?
True
Is 2343366791 prime?
True
Is 728487979 a composite number?
True
Is 17539380473 a prime number?
True
Is 1736486321 composite?
True
Is 3689047 a prime number?
False
Is 2911865821 a composite number?
True
Is 35583383581 a composite number?
False
Is 24779900429 a prime number?
True
Is 17932392746 a composite number?
True
Is 589521981 a prime number?
False
Is 4030211261 prime?
False
Is 2401118527 a prime number?
False
Is 153621777611 composite?
False
Is 3093680221 prime?
False
Is 1016904413 composite?
True
Is 12591080153 a prime number?
False
Is 82075024709 prime?
True
Is 15929714847 a prime number?
False
Is 151540391 a composite number?
False
Is 3551946067 composite?
False
Is 344722031 a prime number?
True
Is 394943838173 prime?
True
Is 187289309 prime?
True
Is 17856096647 composite?
True
Is 16166150201 prime?
True
Is 293578471 prime?
True
Is 971807659 composite?
False
Is 74247203 a composite number?
True
Is 252827593 a composite number?
False
Is 98033670869 a composite number?
False
Is 1707645179 composite?
True
Is 113564108831 a composite number?
True
Is 2996465767 prime?
True
Is 7201619353 composite?
True
Is 31351455823 composite?
True
Is 1707574009 composite?
False
Is 2337684317 a prime number?
True
Is 1431688121 prime?
True
Is 1640254717 prime?
False
Is 6915746753 composite?
False
Is 25774364401 composite?
False
Is 133868629 a composite number?
False
Is 34085330303 a composite number?
True
Is 191790319 a prime number?
False
Is 566379271613 prime?
True
Is 59218207 a prime number?
True
Is 704566711 composite?
False
Is 18882816877 prime?
True
Is 148572743 composite?
True
Is 94892795017 composite?
False
Is 11984261371 a composite number?
True
Is 69830539067 composite?
True
Is 1355966489 a composite number?
True
Is 45757872089 a composite number?
False
Is 59018429 a composite number?
False
Is 533249867 composite?
False
Is 145966869677 composite?
False
Is 371015263 a prime number?
False
Is 11356810697 a composite number?
False
Is 12389547907 a composite number?
True
Is 496057543 composite?
False
Is 63164241137 a composite number?
False
Is 71143406783 prime?
False
Is 172979309 composite?
True
Is 5112073279 composite?
True
Is 199822528109 composite?
False
Is 12581177603 composite?
True
Is 757618973 a prime number?
False
Is 15584748431 a composite number?
True
Is 3431396557 a prime number?
False
Is 125503867 composite?
False
Is 209311663 composite?
True
Is 7211382017 composite?
True
Is 10501030061 composite?
True
Is 1452292937 composite?
False
Is 15040222633 composite?
False
Is 9475190327 prime?
True
Is 658439021 composite?
False
Is 71082012446 prime?
False
Is 975017393 composite?
True
Is 1382201533 a prime number?
False
Is 1299685351 prime?
True
Is 483259273 composite?
True
Is 40849956341 prime?
False
Is 122027069 prime?
True
Is 1324391767 composite?
False
Is 116382311 a composite number?
False
Is 60618031 prime?
False
Is 10388096359 a composite number?
False
Is 5082920629 a prime number?
False
Is 285126143 a composite number?
True
Is 312508576583 composite?
True
Is 3032692357 a prime number?
False
Is 24221644367 a prime number?
True
Is 13364898583 a prime number?
True
Is 4984806877 a composite number?
False
Is 311194241 a composite number?
False
Is 9585835241 composite?
False
Is 5402043049 a prime number?
False
Is 1321119953 prime?
True
Is 4608808553 prime?
False
Is 19659405643 a prime number?
True
Is 188705779 a prime number?
False
Is 1448586017 a prime number?
True
Is 80141626717 a composite number?
False
Is 2547137221 composite?
False
Is 3812894999 prime?
False
Is 164481719 a composite number?
False
Is 11428793687 a composite number?
True
Is 972463837 a composite number?
False
Is 18538286759 a prime number?
True
Is 1810540997 a prime number?
True
Is 678822439 a prime number?
False
Is 1037857523 composite?
True
Is 72184394759 prime?
False
Is 33052104803 a composite number?
True
Is 46538141071 prime?
True
Is 68820903859 a composite number?
False
Is 9405925457 prime?
False
Is 2213995921 prime?
False
Is 1786251653 a prime number?
True
Is 77226353411 composite?
False
Is 2209487051 a composite number?
True
Is 1391328181 a prime number?
False
Is 2596189133 a prime number?
False
Is 83409479339 a composite number?
True
Is 20557245043 composite?
False
Is 4275479993 prime?
True
Is 1496327597 composite?
False
Is 752294167 a prime number?
True
Is 20507742223 prime?
True
Is 1019187691 composite?
False
Is 174296891 a composite number?
False
Is 6506315831 a prime number?
False
Is 32645626417 a composite number?
False
Is 243970253 composite?
False
Is 45581021251 a composite number?
True
Is 254440597 composite?
False
Is 68407741 composite?
False
Is 1871177629 a prime number?
True
Is 19326528131 prime?
True
Is 5529397726 composite?
True
Is 1448105389 a composite number?
False
Is 425295349 a prime number?
True
Is 1963193021 a prime number?
True
Is 952231879 a prime number?
False
Is 250618512929 composite?
True
Is 50866010945 composite?
True
Is 1324869251 a composite number?
False
Is 1864948927 a composite number?
False
Is 1454544313 prime?
True
Is 4021073347 a composite number?
False
Is 12615314029 a composite number?
True
Is 2738005265 a composite number?
True
Is 1568774539 a prime number?
False
Is 29042554859 prime?
True
Is 1704780989 composite?
True
Is 43326706921 prime?
False
Is 24648138539 composite?
True
Is 826724989 a composite number?
False
Is 381309323 prime?
False
Is 443589023 a prime number?
False
Is 67825801871 prime?
False
Is 567891439 a composite number?
False
Is 7446957445 a prime number?
False
Is 13736199091 prime?
True
Is 10132300249 a composite number?
True
Is 2425651691 composite?
True
Is 687560561 a prime number?
True
Is 1015413967 composite?
False
Is 616724837 a prime number?
False
Is 1272058357 a composite number?
True
Is 6210842527 a composite number?
False
Is 29385544909 a prime number?
False
Is 103457840617 prime?
False
Is 772698053 prime?
True
Is 13082802263 a composite number?
True
Is 176360250119 a composite number?
False
Is 13003108667 prime?
True
Is 62782493563 a composite number?
False
Is 6531208357 a composite number?
False
Is 76806262367 prime?
True
Is 1732013783 prime?
True
Is 220184183471 a composite number?
True
Is 2817284797 a composite number?
False
Is 31380782893 prime?
True
Is 4315725577 composite?
False
Is 3038016745 composite?
True
Is 633838911 composite?
True
Is 634498891 a prime number?
False
Is 31452663109 prime?
False
Is 1540139203 composite?
True
Is 2259562609 composite?
True
Is 181179899 composite?
True
Is 3894374453 prime?
True
Is 28180587247 a prime number?
True
Is 12870323519 a prime number?
True
Is 71949808291 prime?
False
Is 617479337 a prime number?
True
Is 1579087 a prime number?
False
Is 8316652879 a prime number?
True
Is 35125571 a composite number?
True
Is 102652903763 a composite number?
False
Is 649815305 a prime number?
False
Is 9903602699 prime?
True
Is 1437977839 composite?
True
Is 2464834429 composite?
True
Is 1230779689 composite?
True
Is 1906735609 a prime number?
True
Is 25137655681 a composite 